{"id":46,"date":"2020-06-06T10:02:38","date_gmt":"2020-06-06T08:02:38","guid":{"rendered":"https:\/\/www.lechantdesdauphins.com\/?page_id=46"},"modified":"2020-08-21T09:58:03","modified_gmt":"2020-08-21T07:58:03","slug":"les-benevoles","status":"publish","type":"page","link":"https:\/\/www.lechantdesdauphins.com\/accueil\/les-benevoles\/","title":{"rendered":"Les b\u00e9n\u00e9voles"},"content":{"rendered":"<p><div class=\"fusion-fullwidth fullwidth-box fusion-builder-row-1 nonhundred-percent-fullwidth non-hundred-percent-height-scrolling\" style=\"--awb-border-radius-top-left:0px;--awb-border-radius-top-right:0px;--awb-border-radius-bottom-right:0px;--awb-border-radius-bottom-left:0px;--awb-flex-wrap:wrap;\" ><div class=\"fusion-builder-row fusion-row\"><div class=\"fusion-layout-column fusion_builder_column fusion-builder-column-0 fusion_builder_column_1_1 1_1 fusion-one-full fusion-column-first fusion-column-last\" style=\"--awb-padding-top:20px;--awb-padding-bottom:20px;--awb-bg-size:cover;\"><div class=\"fusion-column-wrapper fusion-column-has-shadow fusion-flex-column-wrapper-legacy\"><div class=\"fusion-image-element fusion-image-align-center in-legacy-container\" style=\"text-align:center;--awb-caption-title-font-family:var(--h2_typography-font-family);--awb-caption-title-font-weight:var(--h2_typography-font-weight);--awb-caption-title-font-style:var(--h2_typography-font-style);--awb-caption-title-size:var(--h2_typography-font-size);--awb-caption-title-transform:var(--h2_typography-text-transform);--awb-caption-title-line-height:var(--h2_typography-line-height);--awb-caption-title-letter-spacing:var(--h2_typography-letter-spacing);\"><div class=\"imageframe-align-center\"><span class=\" fusion-imageframe imageframe-none imageframe-1 hover-type-none\"><img decoding=\"async\" width=\"1500\" height=\"400\" title=\"les-benevoles-le-chant-des-dauphins-association\" src=\"https:\/\/www.lechantdesdauphins.com\/wp-content\/uploads\/2020\/06\/les-benevoles-le-chant-des-dauphins-association.jpg\" alt class=\"img-responsive wp-image-47\" srcset=\"https:\/\/www.lechantdesdauphins.com\/wp-content\/uploads\/2020\/06\/les-benevoles-le-chant-des-dauphins-association-200x53.jpg 200w, https:\/\/www.lechantdesdauphins.com\/wp-content\/uploads\/2020\/06\/les-benevoles-le-chant-des-dauphins-association-400x107.jpg 400w, https:\/\/www.lechantdesdauphins.com\/wp-content\/uploads\/2020\/06\/les-benevoles-le-chant-des-dauphins-association-600x160.jpg 600w, https:\/\/www.lechantdesdauphins.com\/wp-content\/uploads\/2020\/06\/les-benevoles-le-chant-des-dauphins-association-800x213.jpg 800w, https:\/\/www.lechantdesdauphins.com\/wp-content\/uploads\/2020\/06\/les-benevoles-le-chant-des-dauphins-association-1200x320.jpg 1200w, https:\/\/www.lechantdesdauphins.com\/wp-content\/uploads\/2020\/06\/les-benevoles-le-chant-des-dauphins-association.jpg 1500w\" sizes=\"(max-width: 800px) 100vw, 1500px\" \/><\/span><\/div><\/div><div class=\"fusion-clearfix\"><\/div><\/div><\/div><\/div><\/div><div class=\"fusion-fullwidth fullwidth-box fusion-builder-row-2 nonhundred-percent-fullwidth non-hundred-percent-height-scrolling\" style=\"--awb-border-radius-top-left:0px;--awb-border-radius-top-right:0px;--awb-border-radius-bottom-right:0px;--awb-border-radius-bottom-left:0px;--awb-flex-wrap:wrap;\" ><div class=\"fusion-builder-row fusion-row\"><div class=\"fusion-layout-column fusion_builder_column fusion-builder-column-1 fusion_builder_column_1_1 1_1 fusion-one-full fusion-column-first fusion-column-last\" style=\"--awb-bg-size:cover;\"><div class=\"fusion-column-wrapper fusion-column-has-shadow fusion-flex-column-wrapper-legacy\"><div class=\"fusion-text fusion-text-1\"><h1 style=\"text-align: center;\"><span style=\"color: #0068b6;\">Les b\u00e9n\u00e9voles<\/span><\/h1>\n<\/div><div class=\"fusion-text fusion-text-2\"><p class=\"p1\" style=\"text-align: center;\"><span class=\"s1\" style=\"color: #000000;\"><b>L\u2019\u00e9quipe du Chant des Dauphins se compose de 35 b\u00e9n\u00e9voles actifs<\/b> qui, de l&rsquo;encadrement des sorties \u00e0 l&rsquo;organisation et la r\u00e9alisation des manifestations, font vivre au quotidien l\u2019association.<\/span><\/p>\n<p class=\"p1\" style=\"text-align: center;\"><span class=\"s1\" style=\"color: #000000;\">La coordination de l\u2019ensemble des activit\u00e9s de l\u2019association est confi\u00e9e \u00e0 Eric Deschamps, unique salari\u00e9 du Chant des Dauphins.<\/span><\/p>\n<p class=\"p1\" style=\"text-align: center;\"><span class=\"s1\" style=\"color: #000000;\">Professionnel de la mer, soignant, passionn\u00e9, parent d\u2019enfant autiste ou handicap\u00e9, chaque b\u00e9n\u00e9vole du Chant des Dauphins, quel que soit son r\u00f4le au sein de l\u2019association, est un rouage essentiel de son bon fonctionnement.<\/span><\/p>\n<p class=\"p1\" style=\"text-align: center;\"><span class=\"s1\" style=\"color: #000000;\">Chacun participe \u00e0 la vie de l\u2019association et \u00e0 la mise en \u0153uvre de ses projets en fonction de ses comp\u00e9tences, envies ou int\u00e9r\u00eats particuliers.<\/span><\/p>\n<p class=\"p1\" style=\"text-align: center;\"><span class=\"s1\" style=\"color: #000000;\">Soucieuse d\u2019offrir aux b\u00e9n\u00e9ficiaires de ses actions des prestations de qualit\u00e9, l&rsquo;association\u00a0est organis\u00e9e en \u00ab\u00a0\u00e9quipes\u00a0\u00bb permettant \u00e0 chaque b\u00e9n\u00e9vole de trouver sa place en fonction de ses comp\u00e9tences et talent.<\/span><\/p>\n<\/div><div class=\"fusion-clearfix\"><\/div><\/div><\/div><\/div><\/div><div class=\"fusion-fullwidth fullwidth-box fusion-builder-row-3 nonhundred-percent-fullwidth non-hundred-percent-height-scrolling\" style=\"--awb-border-radius-top-left:0px;--awb-border-radius-top-right:0px;--awb-border-radius-bottom-right:0px;--awb-border-radius-bottom-left:0px;--awb-flex-wrap:wrap;\" ><div class=\"fusion-builder-row fusion-row\"><div class=\"fusion-layout-column fusion_builder_column fusion-builder-column-2 fusion_builder_column_1_1 1_1 fusion-one-full fusion-column-first fusion-column-last\" style=\"--awb-bg-size:cover;\"><div class=\"fusion-column-wrapper fusion-column-has-shadow fusion-flex-column-wrapper-legacy\"><div class=\"fusion-clearfix\"><\/div><\/div><\/div><\/div><\/div><div class=\"fusion-fullwidth fullwidth-box fusion-builder-row-4 nonhundred-percent-fullwidth non-hundred-percent-height-scrolling\" style=\"--awb-border-radius-top-left:0px;--awb-border-radius-top-right:0px;--awb-border-radius-bottom-right:0px;--awb-border-radius-bottom-left:0px;--awb-background-color:#0068b6;--awb-flex-wrap:wrap;\" ><div class=\"fusion-builder-row fusion-row\"><div class=\"fusion-layout-column fusion_builder_column fusion-builder-column-3 fusion_builder_column_1_1 1_1 fusion-one-full fusion-column-first fusion-column-last\" style=\"--awb-bg-size:cover;\"><div class=\"fusion-column-wrapper fusion-column-has-shadow fusion-flex-column-wrapper-legacy\"><div class=\"fusion-text fusion-text-3\"><h3 style=\"color: #1e73be; border-bottom: 1px solid #1e73be; text-align: center;\"><span style=\"color: #ffffff;\"><strong>Les groupes d&rsquo;activit\u00e9s<\/strong><\/span><\/h3>\n<p><span style=\"color: #ffffff;\">Tout au long de l\u2019ann\u00e9e, des r\u00e9unions sont organis\u00e9es dans notre local situ\u00e9 \u00e0 Port-Fr\u00e9jus, \u00ab\u00a0le Carr\u00e9 des Marins\u00a0\u00bb, permettant \u00e0 chacun de suivre l\u2019\u00e9volution de l\u2019association et d\u2019\u00eatre force de proposition.<\/span><\/p>\n<p><span style=\"color: #ffffff;\">Les moments forts que repr\u00e9sente l\u2019organisation des manifestations de bienfaisance sont l\u2019occasion d\u2019appr\u00e9cier l\u2019implication de chacun dans un esprit de convivialit\u00e9 et de partage.<\/span><\/p>\n<p><span style=\"color: #ffffff;\">Soucieuse d\u2019offrir aux b\u00e9n\u00e9ficiaires de ses actions des prestations de qualit\u00e9, l&rsquo;association est structur\u00e9e en \u00e9quipes afin de<\/span><\/p>\n<ul>\n<li><span style=\"color: #ffffff;\">r\u00e9pondre au mieux au d\u00e9veloppement de ses activit\u00e9s<\/span><\/li>\n<li><span style=\"color: #ffffff;\">am\u00e9liorer sa communication externe<\/span><\/li>\n<li><span style=\"color: #ffffff;\">mettre en ad\u00e9quation ses besoins et les comp\u00e9tences des b\u00e9n\u00e9voles<\/span><\/li>\n<\/ul>\n<p><span style=\"color: #ffffff;\">Les \u00e9quipes op\u00e9rationnelles :<\/span><br \/>\n<span style=\"color: #ffffff;\"><strong>Mer et Voilier \u2013 Encadrement des Sorties &#8211; Manifestations <\/strong><\/span><br \/>\n<span style=\"color: #ffffff;\">L&rsquo;\u00e9quipe <strong>Communication et Partenariat <\/strong>sera fonctionnelle en 2021.<\/span><\/p>\n<\/div><div class=\"fusion-clearfix\"><\/div><\/div><\/div><\/div><\/div><div class=\"fusion-fullwidth fullwidth-box fusion-builder-row-5 nonhundred-percent-fullwidth non-hundred-percent-height-scrolling fusion-equal-height-columns\" style=\"--awb-border-radius-top-left:0px;--awb-border-radius-top-right:0px;--awb-border-radius-bottom-right:0px;--awb-border-radius-bottom-left:0px;--awb-padding-top:20px;--awb-padding-bottom:20px;--awb-flex-wrap:wrap;\" ><div class=\"fusion-builder-row fusion-row\"><div class=\"fusion-layout-column fusion_builder_column fusion-builder-column-4 fusion_builder_column_1_3 1_3 fusion-one-third fusion-column-first\" style=\"--awb-padding-top:10px;--awb-padding-right:10px;--awb-padding-bottom:10px;--awb-padding-left:10px;--awb-bg-color:#f3f3f3;--awb-bg-color-hover:#f3f3f3;--awb-bg-size:cover;width:33.333333333333%;width:calc(33.333333333333% - ( ( 4% + 4% ) * 0.33333333333333 ) );margin-right: 4%;\"><div class=\"fusion-column-wrapper fusion-column-has-shadow fusion-flex-column-wrapper-legacy\"><div class=\"fusion-text fusion-text-4\"><h3><span style=\"color: #fdba00;\">L\u2019\u00e9quipe <strong>Mer et Voilier\u00a0<\/strong><\/span><\/h3>\n<p class=\"p1\"><span class=\"s1\">Sous la responsabilit\u00e9 de Patrice (photo)<\/span><\/p>\n<p class=\"p1\"><span class=\"s1\">Active tout au long de l\u2019ann\u00e9e, elle est en charge de l\u2019entretien permanent du voilier, notamment en p\u00e9riode hivernale pour les travaux les plus cons\u00e9quents. L\u2019objectif est de maintenir et d\u2019am\u00e9liorer les conditions de navigation et la s\u00e9curit\u00e9 des personnes \u00e0 bord.<\/span><\/p>\n<p class=\"p1\"><span class=\"s1\">Chaque membre de l\u2019\u00e9quipe <b>Mer et Voilier<\/b> a suivi une formation interne de Chef de bord et un entrainement r\u00e9gulier, hors saison, permet de maintenir le niveau de comp\u00e9tence requis pour la r\u00e9alisation des sorties.<\/span><\/p>\n<p class=\"p1\"><span class=\"s1\">En outre la plupart ont suivi\u00a0une<span class=\"Apple-converted-space\">\u00a0 <\/span>formation <b>d\u2019op\u00e9rateur de whale watching<\/b> garantissant une approche respectueuse des dauphins et permettant un partage des connaissances avec les participants.<\/span><\/p>\n<p class=\"p1\"><span class=\"s1\"><i>L&rsquo;\u00e9quipe est compos\u00e9e de :\u00a0<\/i><\/span><\/p>\n<p class=\"p1\"><strong><span class=\"s1\">Patrice &#8211; Jean Marc \u2013 Philippe \u2013 Rini \u2013 Pascal \u2013 Eric M \u2013 Alexandre &#8211; Bernard \u2013 Isabelle \u2013 Jean Phi \u2013 Jacques &#8211; Eric<\/span><\/strong><\/p>\n<\/div><div class=\"fusion-clearfix\"><\/div><\/div><\/div><div class=\"fusion-layout-column fusion_builder_column fusion-builder-column-5 fusion_builder_column_1_3 1_3 fusion-one-third\" style=\"--awb-padding-top:10px;--awb-padding-right:10px;--awb-padding-bottom:10px;--awb-padding-left:10px;--awb-bg-color:#f3f3f3;--awb-bg-color-hover:#f3f3f3;--awb-bg-size:cover;width:33.333333333333%;width:calc(33.333333333333% - ( ( 4% + 4% ) * 0.33333333333333 ) );margin-right: 4%;\"><div class=\"fusion-column-wrapper fusion-column-has-shadow fusion-flex-column-wrapper-legacy\"><div class=\"fusion-text fusion-text-5\"><h3><span style=\"color: #fdba00;\">L\u2019\u00e9quipe <strong>Encadrement des\u00a0Sorties<\/strong><\/span><\/h3>\n<p class=\"p1\"><span class=\"s1\">Sous la responsabilit\u00e9 de Jackie.\u00a0<\/span><\/p>\n<p class=\"p1\"><span class=\"s1\">Lors des sorties \u00ab\u00a0individuelles\u00a0\u00bb <\/span><\/p>\n<ul class=\"ul1\">\n<li class=\"li1\"><span class=\"s1\">Accueil des familles au local de l&rsquo;association autour d&rsquo;un caf\u00e9, pr\u00e9sentation des encadrants de la sortie<\/span><\/li>\n<li class=\"li2\"><span class=\"s1\">Encadrement \u00e0 bord. La r\u00e8gle est\u00a0d\u2019un(e) encadrant(e) pour chaque participant(e).<\/span><\/li>\n<\/ul>\n<p class=\"p2\"><span class=\"s1\">Le professionnalisme, la gentillesse, la patience sont un gage de r\u00e9ussite de la sortie et une assurance pour les familles rest\u00e9es \u00e0 quai.<\/span><\/p>\n<p class=\"p1\"><span class=\"s1\"><i>L&rsquo;\u00e9quipe est compos\u00e9e de :\u00a0<\/i><\/span><\/p>\n<p class=\"p1\"><strong><span class=\"s1\">Jackie &#8211; Claudie \u2013 Martine \u2013 Marie Agn\u00e8s \u2013 Jeanne \u2013 Yves \u2013 Mino &#8211; Val\u00e9rie \u2013 Francoise &#8211; Muriel &#8211; Viviane<br \/>\n<\/span><\/strong><\/p>\n<p class=\"p1\"><span class=\"s1\">Occasionnellement : Andrea, Caroline, Carolle, France, Jocelyne<\/span><\/p>\n<\/div><div class=\"fusion-clearfix\"><\/div><\/div><\/div><div class=\"fusion-layout-column fusion_builder_column fusion-builder-column-6 fusion_builder_column_1_3 1_3 fusion-one-third fusion-column-last\" style=\"--awb-padding-top:10px;--awb-padding-right:10px;--awb-padding-bottom:10px;--awb-padding-left:10px;--awb-bg-color:#f3f3f3;--awb-bg-color-hover:#f3f3f3;--awb-bg-size:cover;width:33.333333333333%;width:calc(33.333333333333% - ( ( 4% + 4% ) * 0.33333333333333 ) );\"><div class=\"fusion-column-wrapper fusion-column-has-shadow fusion-flex-column-wrapper-legacy\"><div class=\"fusion-text fusion-text-6\"><h3 class=\"p1\"><strong><span class=\"s1\" style=\"color: #fdba00;\">Equipe \u00ab\u00a0Manifestations\u00a0\u00bb<\/span><\/strong><\/h3>\n<p class=\"p1\"><span class=\"s1\">Organisation et r\u00e9alisation de nos manifestations caritatives : Loto \u2013 Soir\u00e9e Cabaret \u2013 Soir\u00e9 A\u00efoli et autres<\/span><\/p>\n<p class=\"p1\"><span class=\"s1\"><em>L&rsquo;\u00e9quipe est compos\u00e9e de<\/em> :\u00a0<\/span><\/p>\n<p class=\"p1\"><strong><span class=\"s1\">Didier H \u2013 Didier L \u2013 Jo\u00e9 \u2013 Patrick \u2013 Robert &#8211; Jeff \u2013 Arlette <\/span><\/strong><span class=\"s1\">&#8211; <\/span><strong><span class=\"s1\">Sandra <\/span><\/strong><strong><span class=\"s1\">\u2013 <\/span><span class=\"s1\">Et plus r\u00e9cemment : Corinne \u2013 B\u00e9atrice \u2013 Christian<\/span><\/strong><\/p>\n<p class=\"p1\"><span class=\"s1\">Les b\u00e9n\u00e9voles des \u00e9quipes \u00ab\u00a0Mer et Voilier\u00a0\u00bb et \u00ab\u00a0Encadrement\u00a0\u00bb sont aussi partie prenante dans l&rsquo;organisation et la r\u00e9alisation des manifestations.<\/span><\/p>\n<\/div><div class=\"fusion-clearfix\"><\/div><\/div><\/div><\/div><\/div><\/p>\n","protected":false},"excerpt":{"rendered":"","protected":false},"author":1,"featured_media":0,"parent":0,"menu_order":0,"comment_status":"closed","ping_status":"closed","template":"100-width.php","meta":{"footnotes":""},"yoast_head":"<!-- This site is optimized with the Yoast SEO plugin v14.2 - https:\/\/yoast.com\/wordpress\/plugins\/seo\/ -->\n<title>Les b\u00e9n\u00e9voles - Le Chant des Dauphins<\/title>\n<meta name=\"robots\" content=\"index, follow\" \/>\n<meta name=\"googlebot\" content=\"index, follow, max-snippet:-1, max-image-preview:large, max-video-preview:-1\" \/>\n<meta name=\"bingbot\" content=\"index, follow, max-snippet:-1, max-image-preview:large, max-video-preview:-1\" \/>\n<link rel=\"canonical\" href=\"https:\/\/www.lechantdesdauphins.com\/les-benevoles\/\" \/>\n<meta property=\"og:locale\" content=\"fr_FR\" \/>\n<meta property=\"og:type\" content=\"article\" \/>\n<meta property=\"og:title\" content=\"Les b\u00e9n\u00e9voles - Le Chant des Dauphins\" \/>\n<meta property=\"og:url\" content=\"https:\/\/www.lechantdesdauphins.com\/les-benevoles\/\" \/>\n<meta property=\"og:site_name\" content=\"Le Chant des Dauphins\" \/>\n<meta property=\"article:modified_time\" content=\"2020-08-21T07:58:03+00:00\" \/>\n<meta name=\"twitter:card\" content=\"summary_large_image\" \/>\n<script type=\"application\/ld+json\" class=\"yoast-schema-graph\">{\"@context\":\"https:\/\/schema.org\",\"@graph\":[{\"@type\":\"WebSite\",\"@id\":\"https:\/\/www.lechantdesdauphins.com\/accueil\/#website\",\"url\":\"https:\/\/www.lechantdesdauphins.com\/accueil\/\",\"name\":\"Le Chant des Dauphins\",\"description\":\"\",\"potentialAction\":[{\"@type\":\"SearchAction\",\"target\":\"https:\/\/www.lechantdesdauphins.com\/accueil\/?s={search_term_string}\",\"query-input\":\"required name=search_term_string\"}],\"inLanguage\":\"fr-FR\"},{\"@type\":\"WebPage\",\"@id\":\"https:\/\/www.lechantdesdauphins.com\/les-benevoles\/#webpage\",\"url\":\"https:\/\/www.lechantdesdauphins.com\/les-benevoles\/\",\"name\":\"Les b\\u00e9n\\u00e9voles - Le Chant des Dauphins\",\"isPartOf\":{\"@id\":\"https:\/\/www.lechantdesdauphins.com\/accueil\/#website\"},\"datePublished\":\"2020-06-06T08:02:38+00:00\",\"dateModified\":\"2020-08-21T07:58:03+00:00\",\"inLanguage\":\"fr-FR\",\"potentialAction\":[{\"@type\":\"ReadAction\",\"target\":[\"https:\/\/www.lechantdesdauphins.com\/les-benevoles\/\"]}]}]}<\/script>\n<!-- \/ Yoast SEO plugin. -->","_links":{"self":[{"href":"https:\/\/www.lechantdesdauphins.com\/accueil\/wp-json\/wp\/v2\/pages\/46"}],"collection":[{"href":"https:\/\/www.lechantdesdauphins.com\/accueil\/wp-json\/wp\/v2\/pages"}],"about":[{"href":"https:\/\/www.lechantdesdauphins.com\/accueil\/wp-json\/wp\/v2\/types\/page"}],"author":[{"embeddable":true,"href":"https:\/\/www.lechantdesdauphins.com\/accueil\/wp-json\/wp\/v2\/users\/1"}],"replies":[{"embeddable":true,"href":"https:\/\/www.lechantdesdauphins.com\/accueil\/wp-json\/wp\/v2\/comments?post=46"}],"version-history":[{"count":27,"href":"https:\/\/www.lechantdesdauphins.com\/accueil\/wp-json\/wp\/v2\/pages\/46\/revisions"}],"predecessor-version":[{"id":487,"href":"https:\/\/www.lechantdesdauphins.com\/accueil\/wp-json\/wp\/v2\/pages\/46\/revisions\/487"}],"wp:attachment":[{"href":"https:\/\/www.lechantdesdauphins.com\/accueil\/wp-json\/wp\/v2\/media?parent=46"}],"curies":[{"name":"wp","href":"https:\/\/api.w.org\/{rel}","templated":true}]}}