{"id":330,"date":"2020-06-21T18:05:03","date_gmt":"2020-06-21T16:05:03","guid":{"rendered":"https:\/\/www.lechantdesdauphins.com\/?page_id=330"},"modified":"2020-09-16T19:03:17","modified_gmt":"2020-09-16T17:03:17","slug":"le-sanctuaire-pelagos","status":"publish","type":"page","link":"https:\/\/www.lechantdesdauphins.com\/accueil\/le-sanctuaire-pelagos\/","title":{"rendered":"Le sanctuaire P\u00e9lagos"},"content":{"rendered":"<p><div class=\"fusion-fullwidth fullwidth-box fusion-builder-row-1 nonhundred-percent-fullwidth non-hundred-percent-height-scrolling\" style=\"--awb-border-radius-top-left:0px;--awb-border-radius-top-right:0px;--awb-border-radius-bottom-right:0px;--awb-border-radius-bottom-left:0px;--awb-flex-wrap:wrap;\" ><div class=\"fusion-builder-row fusion-row\"><div class=\"fusion-layout-column fusion_builder_column fusion-builder-column-0 fusion_builder_column_1_1 1_1 fusion-one-full fusion-column-first fusion-column-last\" style=\"--awb-bg-size:cover;\"><div class=\"fusion-column-wrapper fusion-column-has-shadow fusion-flex-column-wrapper-legacy\"><div class=\"fusion-text fusion-text-1\"><h1 style=\"text-align: center;\"><span style=\"color: #0068b6;\"><strong>Le sanctuaire P\u00e9lagos<\/strong><\/span><\/h1>\n<p class=\"p1\"><span style=\"color: #000000;\"><span class=\"s1\">Le Sanctuaire Pelagos pour les mammif\u00e8res marins a \u00e9t\u00e9 instaur\u00e9 par l\u2019Accord Pelagos sign\u00e9 en 1999 \u00e0 Rome par la France, l\u2019Italie et la Principaut\u00e9 de Monaco. Cet Accord est entr\u00e9 en vigueur le 21 f\u00e9vrier 2002. Il s\u2019inscrit dans le prolongement des actions men\u00e9es depuis de nombreuses ann\u00e9es par chacun des pays signataires. Le Sanctuaire couvre une superficie de <b>87 500 Km<\/b><\/span><span class=\"s2\"><b><sup>2 <\/sup><\/b><\/span><span class=\"s1\">qui s\u2019\u00e9tend de la Presqu\u2019\u00eele de Giens jusqu\u2019\u00e0 \u00e0 Fosso Chiarone en Italie \u00e0 l\u2019Ouest et \u00e0 la Sardaigne au sud.<\/span><\/span><\/p>\n<p class=\"p1\"><span class=\"s1\">Le Sanctuaire englobe un vaste espace maritime fr\u00e9quent\u00e9 assid\u00fbment par toutes les esp\u00e8ces de c\u00e9tac\u00e9s de M\u00e9diterran\u00e9e attir\u00e9es par l\u2019abondance de ressources alimentaires. Les particularit\u00e9s des reliefs sous-marins sont \u00e9galement propices au d\u00e9veloppement de la faune marine.<\/span><\/p>\n<p class=\"p1\"><span class=\"s1\">Dans le m\u00eame temps, la zone maritime couverte par le Sanctuaire est soumise \u00e0 de fortes pressions qui fragilisent l\u2019ensemble des \u00e9cosyst\u00e8mes : urbanisation massive des c\u00f4tes qui g\u00e9n\u00e8re des pollutions, accroissement du trafic maritime, exploitation des ressources.<\/span><\/p>\n<p class=\"p1\"><span class=\"s1\">C\u2019est la n\u00e9cessit\u00e9 de <b>concilier ces enjeux \u00e9cologiques et \u00e9conomiques<\/b> qui a conduit les trois pays signataires de l\u2019Accord \u00e0 mettre en oeuvre un projet commun de pr\u00e9servation des c\u00e9tac\u00e9s de M\u00e9diterran\u00e9e.<\/span><\/p>\n<p class=\"p2\"><span class=\"s1\"><i>Pour en savoir plus sur le Sanctuaire Pelagos, <\/i><a href=\"http:\/\/www.sanctuaire-pelagos.org\/fr\/\" target=\"_blank\" rel=\"noopener noreferrer\"><span class=\"s2\"><b><i>cliquez ici<\/i><\/b><\/span><\/a><\/span><\/p>\n<\/div><div class=\"fusion-clearfix\"><\/div><\/div><\/div><div class=\"fusion-layout-column fusion_builder_column fusion-builder-column-1 fusion_builder_column_1_1 1_1 fusion-one-full fusion-column-first fusion-column-last\" style=\"--awb-bg-size:cover;\"><div class=\"fusion-column-wrapper fusion-column-has-shadow fusion-flex-column-wrapper-legacy\"><div class=\"fusion-image-element fusion-image-align-center in-legacy-container\" style=\"text-align:center;--awb-caption-title-font-family:var(--h2_typography-font-family);--awb-caption-title-font-weight:var(--h2_typography-font-weight);--awb-caption-title-font-style:var(--h2_typography-font-style);--awb-caption-title-size:var(--h2_typography-font-size);--awb-caption-title-transform:var(--h2_typography-text-transform);--awb-caption-title-line-height:var(--h2_typography-line-height);--awb-caption-title-letter-spacing:var(--h2_typography-letter-spacing);\"><div class=\"imageframe-align-center\"><span class=\" fusion-imageframe imageframe-none imageframe-1 hover-type-none\"><img decoding=\"async\" width=\"884\" height=\"529\" title=\"Capture d\u2019e\u0301cran 2020-06-21 a\u0300 18.01.21\" src=\"https:\/\/www.lechantdesdauphins.com\/wp-content\/uploads\/2020\/06\/Capture-d\u2019e\u0301cran-2020-06-21-a\u0300-18.01.21.png\" alt class=\"img-responsive wp-image-331\" srcset=\"https:\/\/www.lechantdesdauphins.com\/wp-content\/uploads\/2020\/06\/Capture-d\u2019e\u0301cran-2020-06-21-a\u0300-18.01.21-200x120.png 200w, https:\/\/www.lechantdesdauphins.com\/wp-content\/uploads\/2020\/06\/Capture-d\u2019e\u0301cran-2020-06-21-a\u0300-18.01.21-400x239.png 400w, https:\/\/www.lechantdesdauphins.com\/wp-content\/uploads\/2020\/06\/Capture-d\u2019e\u0301cran-2020-06-21-a\u0300-18.01.21-600x359.png 600w, https:\/\/www.lechantdesdauphins.com\/wp-content\/uploads\/2020\/06\/Capture-d\u2019e\u0301cran-2020-06-21-a\u0300-18.01.21-800x479.png 800w, https:\/\/www.lechantdesdauphins.com\/wp-content\/uploads\/2020\/06\/Capture-d\u2019e\u0301cran-2020-06-21-a\u0300-18.01.21.png 884w\" sizes=\"(max-width: 800px) 100vw, 884px\" \/><\/span><\/div><\/div><div class=\"fusion-clearfix\"><\/div><\/div><\/div><\/div><\/div><div class=\"fusion-fullwidth fullwidth-box fusion-builder-row-2 nonhundred-percent-fullwidth non-hundred-percent-height-scrolling\" style=\"--awb-border-radius-top-left:0px;--awb-border-radius-top-right:0px;--awb-border-radius-bottom-right:0px;--awb-border-radius-bottom-left:0px;--awb-background-color:#0068b6;--awb-flex-wrap:wrap;\" ><div class=\"fusion-builder-row fusion-row\"><div class=\"fusion-layout-column fusion_builder_column fusion-builder-column-2 fusion_builder_column_1_1 1_1 fusion-one-full fusion-column-first fusion-column-last\" style=\"--awb-padding-top:4%;--awb-padding-bottom:4%;--awb-bg-size:cover;\"><div class=\"fusion-column-wrapper fusion-column-has-shadow fusion-flex-column-wrapper-legacy\"><div class=\"fusion-text fusion-text-2\"><\/div><div class=\"fusion-text fusion-text-3\"><h2 class=\"p1\"><span class=\"s1\" style=\"color: #ffffff;\"><b>Quel est l&rsquo;objectif du Sanctuaire ?<\/b><\/span><\/h2>\n<p class=\"p2\"><span class=\"s1\" style=\"color: #ffffff;\">L&rsquo;objectif du Sanctuaire Pelagos est de\u00a0<b>\u00ab\u00a0garantir un \u00e9tat de conservation favorable des mammif\u00e8res marins en les prot\u00e9geant, ainsi que leur habitat, des impacts n\u00e9gatifs directs ou indirects des activit\u00e9s humaines\u00a0\u00bb<\/b> (art. 4 de l&rsquo;Accord).\u00a0<\/span><\/p>\n<p class=\"p2\"><span class=\"s1\" style=\"color: #ffffff;\">A cette fin, les pays signataires de l\u2019Accord s\u2019engagent \u00e0 mettre en oeuvre des actions concert\u00e9es et harmonis\u00e9es pour la protection des c\u00e9tac\u00e9s et de leurs habitats contre toutes les causes de perturbation g\u00e9n\u00e9r\u00e9es par les activit\u00e9s humaines.<\/span><\/p>\n<p class=\"p2\"><span class=\"s1\" style=\"color: #ffffff;\">Dans le cadre de la <b>Convention de Barcelone<\/b> (Convention pour la protection du milieu marin et littoral de la M\u00e9diterran\u00e9e), le Sanctuaire a en outre \u00e9t\u00e9 d\u00e9sign\u00e9 comme <b>Aire Sp\u00e9cialement Prot\u00e9g\u00e9e d\u2019Importance M\u00e9diterran\u00e9enne<\/b> (ASPIM).<\/span><\/p>\n<p class=\"p2\"><span class=\"s1\" style=\"color: #ffffff;\">Fond\u00e9e sur la concertation entre les Etats signataires et la coop\u00e9ration avec les centres de recherche, les organisations non gouvernementales, les associations, les professionnels de la mer et les instances gouvernementales, la d\u00e9marche du Sanctuaire vise \u00e0 <b>permettre le d\u00e9veloppement des activit\u00e9s humaines en harmonie avec l\u2019environnement<\/b>.<\/span><\/p>\n<\/div><div class=\"fusion-clearfix\"><\/div><\/div><\/div><\/div><\/div><\/p>\n","protected":false},"excerpt":{"rendered":"","protected":false},"author":1,"featured_media":0,"parent":0,"menu_order":0,"comment_status":"closed","ping_status":"closed","template":"100-width.php","meta":{"footnotes":""},"yoast_head":"<!-- This site is optimized with the Yoast SEO plugin v14.2 - https:\/\/yoast.com\/wordpress\/plugins\/seo\/ -->\n<title>Le sanctuaire P\u00e9lagos - Le Chant des Dauphins<\/title>\n<meta name=\"robots\" content=\"index, follow\" \/>\n<meta name=\"googlebot\" content=\"index, follow, max-snippet:-1, max-image-preview:large, max-video-preview:-1\" \/>\n<meta name=\"bingbot\" content=\"index, follow, max-snippet:-1, max-image-preview:large, max-video-preview:-1\" \/>\n<link rel=\"canonical\" href=\"https:\/\/www.lechantdesdauphins.com\/le-sanctuaire-pelagos\/\" \/>\n<meta property=\"og:locale\" content=\"fr_FR\" \/>\n<meta property=\"og:type\" content=\"article\" \/>\n<meta property=\"og:title\" content=\"Le sanctuaire P\u00e9lagos - Le Chant des Dauphins\" \/>\n<meta property=\"og:url\" content=\"https:\/\/www.lechantdesdauphins.com\/le-sanctuaire-pelagos\/\" \/>\n<meta property=\"og:site_name\" content=\"Le Chant des Dauphins\" \/>\n<meta property=\"article:modified_time\" content=\"2020-09-16T17:03:17+00:00\" \/>\n<meta name=\"twitter:card\" content=\"summary_large_image\" \/>\n<script type=\"application\/ld+json\" class=\"yoast-schema-graph\">{\"@context\":\"https:\/\/schema.org\",\"@graph\":[{\"@type\":\"WebSite\",\"@id\":\"https:\/\/www.lechantdesdauphins.com\/accueil\/#website\",\"url\":\"https:\/\/www.lechantdesdauphins.com\/accueil\/\",\"name\":\"Le Chant des Dauphins\",\"description\":\"\",\"potentialAction\":[{\"@type\":\"SearchAction\",\"target\":\"https:\/\/www.lechantdesdauphins.com\/accueil\/?s={search_term_string}\",\"query-input\":\"required name=search_term_string\"}],\"inLanguage\":\"fr-FR\"},{\"@type\":\"WebPage\",\"@id\":\"https:\/\/www.lechantdesdauphins.com\/le-sanctuaire-pelagos\/#webpage\",\"url\":\"https:\/\/www.lechantdesdauphins.com\/le-sanctuaire-pelagos\/\",\"name\":\"Le sanctuaire P\\u00e9lagos - Le Chant des Dauphins\",\"isPartOf\":{\"@id\":\"https:\/\/www.lechantdesdauphins.com\/accueil\/#website\"},\"datePublished\":\"2020-06-21T16:05:03+00:00\",\"dateModified\":\"2020-09-16T17:03:17+00:00\",\"inLanguage\":\"fr-FR\",\"potentialAction\":[{\"@type\":\"ReadAction\",\"target\":[\"https:\/\/www.lechantdesdauphins.com\/le-sanctuaire-pelagos\/\"]}]}]}<\/script>\n<!-- \/ Yoast SEO plugin. -->","_links":{"self":[{"href":"https:\/\/www.lechantdesdauphins.com\/accueil\/wp-json\/wp\/v2\/pages\/330"}],"collection":[{"href":"https:\/\/www.lechantdesdauphins.com\/accueil\/wp-json\/wp\/v2\/pages"}],"about":[{"href":"https:\/\/www.lechantdesdauphins.com\/accueil\/wp-json\/wp\/v2\/types\/page"}],"author":[{"embeddable":true,"href":"https:\/\/www.lechantdesdauphins.com\/accueil\/wp-json\/wp\/v2\/users\/1"}],"replies":[{"embeddable":true,"href":"https:\/\/www.lechantdesdauphins.com\/accueil\/wp-json\/wp\/v2\/comments?post=330"}],"version-history":[{"count":3,"href":"https:\/\/www.lechantdesdauphins.com\/accueil\/wp-json\/wp\/v2\/pages\/330\/revisions"}],"predecessor-version":[{"id":516,"href":"https:\/\/www.lechantdesdauphins.com\/accueil\/wp-json\/wp\/v2\/pages\/330\/revisions\/516"}],"wp:attachment":[{"href":"https:\/\/www.lechantdesdauphins.com\/accueil\/wp-json\/wp\/v2\/media?parent=330"}],"curies":[{"name":"wp","href":"https:\/\/api.w.org\/{rel}","templated":true}]}}