{"id":261,"date":"2020-06-07T18:21:21","date_gmt":"2020-06-07T16:21:21","guid":{"rendered":"https:\/\/www.lechantdesdauphins.com\/?page_id=261"},"modified":"2020-09-02T17:21:12","modified_gmt":"2020-09-02T15:21:12","slug":"questions-reponses","status":"publish","type":"page","link":"https:\/\/www.lechantdesdauphins.com\/accueil\/questions-reponses\/","title":{"rendered":"Questions r\u00e9ponses"},"content":{"rendered":"<p><div class=\"fusion-fullwidth fullwidth-box fusion-builder-row-1 nonhundred-percent-fullwidth non-hundred-percent-height-scrolling\" style=\"--awb-border-radius-top-left:0px;--awb-border-radius-top-right:0px;--awb-border-radius-bottom-right:0px;--awb-border-radius-bottom-left:0px;--awb-flex-wrap:wrap;\" ><div class=\"fusion-builder-row fusion-row\"><div class=\"fusion-layout-column fusion_builder_column fusion-builder-column-0 fusion_builder_column_1_1 1_1 fusion-one-full fusion-column-first fusion-column-last\" style=\"--awb-bg-size:cover;\"><div class=\"fusion-column-wrapper fusion-column-has-shadow fusion-flex-column-wrapper-legacy\"><div class=\"fusion-text fusion-text-1\"><h1 style=\"text-align: center;\"><span style=\"color: #0068b6;\">FAQ<\/span><\/h1>\n<\/div><div class=\"fusion-clearfix\"><\/div><\/div><\/div><\/div><\/div><div class=\"fusion-fullwidth fullwidth-box fusion-builder-row-2 nonhundred-percent-fullwidth non-hundred-percent-height-scrolling\" style=\"--awb-border-radius-top-left:0px;--awb-border-radius-top-right:0px;--awb-border-radius-bottom-right:0px;--awb-border-radius-bottom-left:0px;--awb-flex-wrap:wrap;\" ><div class=\"fusion-builder-row fusion-row\"><div class=\"fusion-layout-column fusion_builder_column fusion-builder-column-1 fusion_builder_column_1_1 1_1 fusion-one-full fusion-column-first fusion-column-last\" style=\"--awb-bg-size:cover;\"><div class=\"fusion-column-wrapper fusion-column-has-shadow fusion-flex-column-wrapper-legacy\"><div class=\"accordian fusion-accordian\" style=\"--awb-border-size:1px;--awb-icon-size:16px;--awb-content-font-size:16px;--awb-icon-alignment:left;--awb-hover-color:#f3f3f3;--awb-border-color:#0068b6;--awb-background-color:#ffffff;--awb-divider-color:#e2e2e2;--awb-divider-hover-color:#e2e2e2;--awb-icon-color:#0068b6;--awb-title-color:#212934;--awb-content-color:#4a4e57;--awb-icon-box-color:#212934;--awb-toggle-hover-accent-color:#fdba00;--awb-title-font-family:&quot;Zilla Slab&quot;;--awb-title-font-weight:400;--awb-title-font-style:normal;--awb-title-line-height:1.36;--awb-content-font-family:&quot;Open Sans&quot;;--awb-content-font-style:normal;--awb-content-font-weight:400;\"><div class=\"panel-group fusion-toggle-icon-unboxed\" id=\"accordion-261-1\"><div class=\"fusion-panel panel-default panel-ed21a995432c7c676 fusion-toggle-no-divider fusion-toggle-boxed-mode\"><div class=\"panel-heading\"><h4 class=\"panel-title toggle\" id=\"toggle_ed21a995432c7c676\"><a aria-expanded=\"false\" aria-controls=\"ed21a995432c7c676\" role=\"button\" data-toggle=\"collapse\" data-parent=\"#accordion-261-1\" data-target=\"#ed21a995432c7c676\" href=\"#ed21a995432c7c676\"><span class=\"fusion-toggle-icon-wrapper\" aria-hidden=\"true\"><i class=\"fa-fusion-box active-icon awb-icon-minus\" aria-hidden=\"true\"><\/i><i class=\"fa-fusion-box inactive-icon awb-icon-plus\" aria-hidden=\"true\"><\/i><\/span><span class=\"fusion-toggle-heading\">Je voudrais que mon enfant participe \u00e0 une sortie. Que dois-je faire ?<\/span><\/a><\/h4><\/div><div id=\"ed21a995432c7c676\" class=\"panel-collapse collapse \" aria-labelledby=\"toggle_ed21a995432c7c676\"><div class=\"panel-body toggle-content fusion-clearfix\">\n<p>Vous trouverez toutes les informations sur les modalit\u00e9s d&rsquo;adh\u00e9sion\u00a0<a href=\"https:\/\/www.lechantdesdauphins.com\/public-concerne-par-les-sorties-en-mer\/\"><span style=\"text-decoration: underline;\"><strong><span style=\"color: #1e73be; text-decoration: underline;\">ici<\/span><\/strong><\/span><\/a>\u00a0et pour nous contacter,\u00a0<a href=\"https:\/\/www.lechantdesdauphins.com\/contact\/\"><span style=\"text-decoration: underline;\"><strong><span style=\"color: #1e73be; text-decoration: underline;\">cliquez ici<\/span><\/strong><\/span><\/a><\/p>\n<\/div><\/div><\/div><div class=\"fusion-panel panel-default panel-f1405fd4d8b243b66 fusion-toggle-no-divider fusion-toggle-boxed-mode\"><div class=\"panel-heading\"><h4 class=\"panel-title toggle\" id=\"toggle_f1405fd4d8b243b66\"><a aria-expanded=\"false\" aria-controls=\"f1405fd4d8b243b66\" role=\"button\" data-toggle=\"collapse\" data-parent=\"#accordion-261-1\" data-target=\"#f1405fd4d8b243b66\" href=\"#f1405fd4d8b243b66\"><span class=\"fusion-toggle-icon-wrapper\" aria-hidden=\"true\"><i class=\"fa-fusion-box active-icon awb-icon-minus\" aria-hidden=\"true\"><\/i><i class=\"fa-fusion-box inactive-icon awb-icon-plus\" aria-hidden=\"true\"><\/i><\/span><span class=\"fusion-toggle-heading\">Je repr\u00e9sente une structure sp\u00e9cialis\u00e9e dans l\u2019accueil et la prise en charge de l\u2019autisme ou du handicap. Pouvez-vous organiser une sortie pour un groupe ?<\/span><\/a><\/h4><\/div><div id=\"f1405fd4d8b243b66\" class=\"panel-collapse collapse \" aria-labelledby=\"toggle_f1405fd4d8b243b66\"><div class=\"panel-body toggle-content fusion-clearfix\">\n<p>Bien s\u00fbr, les r\u00e9sidents des structures sp\u00e9cialis\u00e9es sont les bienvenus \u00e0 bord. Pour conna\u00eetre les modalit\u00e9s d&rsquo;adh\u00e9sion,\u00a0<a href=\"https:\/\/www.lechantdesdauphins.com\/public-concerne-par-les-sorties-en-mer\/\"><span style=\"text-decoration: underline;\"><strong><span style=\"color: #1e73be; text-decoration: underline;\">cliquez ici<\/span><\/strong><\/span><\/a>\u00a0et pour nous contacter, c&rsquo;est\u00a0<a href=\"https:\/\/www.lechantdesdauphins.com\/contact\/\"><span style=\"text-decoration: underline;\"><strong><span style=\"color: #1e73be; text-decoration: underline;\">ici<\/span><\/strong><\/span><\/a><\/p>\n<\/div><\/div><\/div><div class=\"fusion-panel panel-default panel-66058a8a1ecf2e7df fusion-toggle-no-divider fusion-toggle-boxed-mode\"><div class=\"panel-heading\"><h4 class=\"panel-title toggle\" id=\"toggle_66058a8a1ecf2e7df\"><a aria-expanded=\"false\" aria-controls=\"66058a8a1ecf2e7df\" role=\"button\" data-toggle=\"collapse\" data-parent=\"#accordion-261-1\" data-target=\"#66058a8a1ecf2e7df\" href=\"#66058a8a1ecf2e7df\"><span class=\"fusion-toggle-icon-wrapper\" aria-hidden=\"true\"><i class=\"fa-fusion-box active-icon awb-icon-minus\" aria-hidden=\"true\"><\/i><i class=\"fa-fusion-box inactive-icon awb-icon-plus\" aria-hidden=\"true\"><\/i><\/span><span class=\"fusion-toggle-heading\">Les sorties sont-elles accessibles en fauteuil roulant ?<\/span><\/a><\/h4><\/div><div id=\"66058a8a1ecf2e7df\" class=\"panel-collapse collapse \" aria-labelledby=\"toggle_66058a8a1ecf2e7df\"><div class=\"panel-body toggle-content fusion-clearfix\">\n<p>Malheureusement notre voilier n\u2019est pas \u00e9quip\u00e9 pour accueillir les personnes en fauteuil.<\/p>\n<\/div><\/div><\/div><div class=\"fusion-panel panel-default panel-ea46db3f7cdda7e4b fusion-toggle-no-divider fusion-toggle-boxed-mode\"><div class=\"panel-heading\"><h4 class=\"panel-title toggle\" id=\"toggle_ea46db3f7cdda7e4b\"><a aria-expanded=\"false\" aria-controls=\"ea46db3f7cdda7e4b\" role=\"button\" data-toggle=\"collapse\" data-parent=\"#accordion-261-1\" data-target=\"#ea46db3f7cdda7e4b\" href=\"#ea46db3f7cdda7e4b\"><span class=\"fusion-toggle-icon-wrapper\" aria-hidden=\"true\"><i class=\"fa-fusion-box active-icon awb-icon-minus\" aria-hidden=\"true\"><\/i><i class=\"fa-fusion-box inactive-icon awb-icon-plus\" aria-hidden=\"true\"><\/i><\/span><span class=\"fusion-toggle-heading\">Les sorties sont-elles ouvertes \u00e0 tous ?<\/span><\/a><\/h4><\/div><div id=\"ea46db3f7cdda7e4b\" class=\"panel-collapse collapse \" aria-labelledby=\"toggle_ea46db3f7cdda7e4b\"><div class=\"panel-body toggle-content fusion-clearfix\">\n<p>Les sorties du Chant des Dauphins sont exclusivement r\u00e9serv\u00e9es aux personnes autistes, en situation de handicap ou souffrant de d\u00e9ficit sensoriel, cognitif ou de troubles relationnels. Pour en savoir plus sur le fonctionnement des sorties,\u00a0<a href=\"https:\/\/www.lechantdesdauphins.com\/public-concerne-par-les-sorties-en-mer\/\"><span style=\"text-decoration: underline; color: #1e73be;\"><strong>cliquez ici<\/strong><\/span><\/a><\/p>\n<\/div><\/div><\/div><div class=\"fusion-panel panel-default panel-59201933e629e89e4 fusion-toggle-no-divider fusion-toggle-boxed-mode\"><div class=\"panel-heading\"><h4 class=\"panel-title toggle\" id=\"toggle_59201933e629e89e4\"><a aria-expanded=\"false\" aria-controls=\"59201933e629e89e4\" role=\"button\" data-toggle=\"collapse\" data-parent=\"#accordion-261-1\" data-target=\"#59201933e629e89e4\" href=\"#59201933e629e89e4\"><span class=\"fusion-toggle-icon-wrapper\" aria-hidden=\"true\"><i class=\"fa-fusion-box active-icon awb-icon-minus\" aria-hidden=\"true\"><\/i><i class=\"fa-fusion-box inactive-icon awb-icon-plus\" aria-hidden=\"true\"><\/i><\/span><span class=\"fusion-toggle-heading\">Combien co\u00fbte une sortie ?<\/span><\/a><\/h4><\/div><div id=\"59201933e629e89e4\" class=\"panel-collapse collapse \" aria-labelledby=\"toggle_59201933e629e89e4\"><div class=\"panel-body toggle-content fusion-clearfix\">\n<p>Sous r\u00e9serve d\u2019adh\u00e9sion \u00e0 l\u2019association, les sorties sont enti\u00e8rement gratuites.<\/p>\n<\/div><\/div><\/div><div class=\"fusion-panel panel-default panel-501fc46d18d9fc0ab fusion-toggle-no-divider fusion-toggle-boxed-mode\"><div class=\"panel-heading\"><h4 class=\"panel-title toggle\" id=\"toggle_501fc46d18d9fc0ab\"><a aria-expanded=\"false\" aria-controls=\"501fc46d18d9fc0ab\" role=\"button\" data-toggle=\"collapse\" data-parent=\"#accordion-261-1\" data-target=\"#501fc46d18d9fc0ab\" href=\"#501fc46d18d9fc0ab\"><span class=\"fusion-toggle-icon-wrapper\" aria-hidden=\"true\"><i class=\"fa-fusion-box active-icon awb-icon-minus\" aria-hidden=\"true\"><\/i><i class=\"fa-fusion-box inactive-icon awb-icon-plus\" aria-hidden=\"true\"><\/i><\/span><span class=\"fusion-toggle-heading\">Peut-on nager avec les dauphins ?<\/span><\/a><\/h4><\/div><div id=\"501fc46d18d9fc0ab\" class=\"panel-collapse collapse \" aria-labelledby=\"toggle_501fc46d18d9fc0ab\"><div class=\"panel-body toggle-content fusion-clearfix\">\n<p>Non. En tant qu\u2019 \u00ab\u00a0Op\u00e9rateur de qualit\u00e9 whale-watching\u00a0\u00bb nous nous engageons \u00e0 respecter un code de bonne conduite respectueux de la tranquillit\u00e9 des mammif\u00e8res marins. Nager avec les dauphins les perturbe mais peut \u00e9galement \u00eatre dangereux.<\/p>\n<\/div><\/div><\/div><div class=\"fusion-panel panel-default panel-411dd96b24b18875f fusion-toggle-no-divider fusion-toggle-boxed-mode\"><div class=\"panel-heading\"><h4 class=\"panel-title toggle\" id=\"toggle_411dd96b24b18875f\"><a aria-expanded=\"false\" aria-controls=\"411dd96b24b18875f\" role=\"button\" data-toggle=\"collapse\" data-parent=\"#accordion-261-1\" data-target=\"#411dd96b24b18875f\" href=\"#411dd96b24b18875f\"><span class=\"fusion-toggle-icon-wrapper\" aria-hidden=\"true\"><i class=\"fa-fusion-box active-icon awb-icon-minus\" aria-hidden=\"true\"><\/i><i class=\"fa-fusion-box inactive-icon awb-icon-plus\" aria-hidden=\"true\"><\/i><\/span><span class=\"fusion-toggle-heading\">Quels animaux peut-on voir lors des sorties ?<\/span><\/a><\/h4><\/div><div id=\"411dd96b24b18875f\" class=\"panel-collapse collapse \" aria-labelledby=\"toggle_411dd96b24b18875f\"><div class=\"panel-body toggle-content fusion-clearfix\">\n<p>De nombreux c\u00e9tac\u00e9s sont observables au large de Fr\u00e9jus. Nous rencontrons principalement des bancs de dauphins. Il nous arrive parfois de croiser \u00e9galement des rorquals communs, des cachalots et de temps en temps, nous faisons de surprenantes rencontres avec des raies ou des tortues marines.<br \/>\nToutefois, il s\u2019agit d\u2019animaux sauvages dans leur milieu naturel. Leur observation ne peut donc pas \u00eatre garantie.<br \/>\nPour en savoir plus sur les esp\u00e8ces visibles lors de sorties,\u00a0<a href=\"https:\/\/www.lechantdesdauphins.com\/les-especes-marines\/\"><span style=\"text-decoration: underline;\"><strong><span style=\"color: #1e73be; text-decoration: underline;\">cliquez ici<\/span><\/strong><\/span><\/a><\/p>\n<\/div><\/div><\/div><div class=\"fusion-panel panel-default panel-78fe29e01112f9c15 fusion-toggle-no-divider fusion-toggle-boxed-mode\"><div class=\"panel-heading\"><h4 class=\"panel-title toggle\" id=\"toggle_78fe29e01112f9c15\"><a aria-expanded=\"false\" aria-controls=\"78fe29e01112f9c15\" role=\"button\" data-toggle=\"collapse\" data-parent=\"#accordion-261-1\" data-target=\"#78fe29e01112f9c15\" href=\"#78fe29e01112f9c15\"><span class=\"fusion-toggle-icon-wrapper\" aria-hidden=\"true\"><i class=\"fa-fusion-box active-icon awb-icon-minus\" aria-hidden=\"true\"><\/i><i class=\"fa-fusion-box inactive-icon awb-icon-plus\" aria-hidden=\"true\"><\/i><\/span><span class=\"fusion-toggle-heading\">Comment puis-je soutenir le Chant des Dauphins ?<\/span><\/a><\/h4><\/div><div id=\"78fe29e01112f9c15\" class=\"panel-collapse collapse \" aria-labelledby=\"toggle_78fe29e01112f9c15\"><div class=\"panel-body toggle-content fusion-clearfix\">\n<p>Vous pouvez nous soutenir en devenant adh\u00e9rent de l\u2019association ou en faisant un don.\u00a0Pour plus de renseignements, c\u2019est\u00a0<a href=\"https:\/\/www.lechantdesdauphins.com\/nous-soutenir\/\"><span style=\"text-decoration: underline; color: #1e73be;\"><strong>ici<\/strong><\/span><\/a><\/p>\n<\/div><\/div><\/div><div class=\"fusion-panel panel-default panel-4335605bd61915b0e fusion-toggle-no-divider fusion-toggle-boxed-mode\"><div class=\"panel-heading\"><h4 class=\"panel-title toggle\" id=\"toggle_4335605bd61915b0e\"><a aria-expanded=\"false\" aria-controls=\"4335605bd61915b0e\" role=\"button\" data-toggle=\"collapse\" data-parent=\"#accordion-261-1\" data-target=\"#4335605bd61915b0e\" href=\"#4335605bd61915b0e\"><span class=\"fusion-toggle-icon-wrapper\" aria-hidden=\"true\"><i class=\"fa-fusion-box active-icon awb-icon-minus\" aria-hidden=\"true\"><\/i><i class=\"fa-fusion-box inactive-icon awb-icon-plus\" aria-hidden=\"true\"><\/i><\/span><span class=\"fusion-toggle-heading\">Je n'ai pas trouv\u00e9 la r\u00e9ponse \u00e0 ma question<\/span><\/a><\/h4><\/div><div id=\"4335605bd61915b0e\" class=\"panel-collapse collapse \" aria-labelledby=\"toggle_4335605bd61915b0e\"><div class=\"panel-body toggle-content fusion-clearfix\">\n<p>N&rsquo;h\u00e9sitez pas \u00e0 nous contacter, nous serons ravis de vous renseigner. C&rsquo;est par\u00a0<a href=\"https:\/\/www.lechantdesdauphins.com\/contact\/\"><span style=\"text-decoration: underline; color: #1e73be;\"><strong>ici<\/strong><\/span><\/a><\/p>\n<\/div><\/div><\/div><\/div><\/div><div class=\"fusion-clearfix\"><\/div><\/div><\/div><\/div><\/div><\/p>\n","protected":false},"excerpt":{"rendered":"","protected":false},"author":1,"featured_media":0,"parent":0,"menu_order":0,"comment_status":"closed","ping_status":"closed","template":"","meta":{"footnotes":""},"yoast_head":"<!-- This site is optimized with the Yoast SEO plugin v14.2 - https:\/\/yoast.com\/wordpress\/plugins\/seo\/ -->\n<title>Questions r\u00e9ponses - Le Chant des Dauphins<\/title>\n<meta name=\"robots\" content=\"index, follow\" \/>\n<meta name=\"googlebot\" content=\"index, follow, max-snippet:-1, max-image-preview:large, max-video-preview:-1\" \/>\n<meta name=\"bingbot\" content=\"index, follow, max-snippet:-1, max-image-preview:large, max-video-preview:-1\" \/>\n<link rel=\"canonical\" href=\"https:\/\/www.lechantdesdauphins.com\/questions-reponses\/\" \/>\n<meta property=\"og:locale\" content=\"fr_FR\" \/>\n<meta property=\"og:type\" content=\"article\" \/>\n<meta property=\"og:title\" content=\"Questions r\u00e9ponses - Le Chant des Dauphins\" \/>\n<meta property=\"og:url\" content=\"https:\/\/www.lechantdesdauphins.com\/questions-reponses\/\" \/>\n<meta property=\"og:site_name\" content=\"Le Chant des Dauphins\" \/>\n<meta property=\"article:modified_time\" content=\"2020-09-02T15:21:12+00:00\" \/>\n<meta name=\"twitter:card\" content=\"summary_large_image\" \/>\n<script type=\"application\/ld+json\" class=\"yoast-schema-graph\">{\"@context\":\"https:\/\/schema.org\",\"@graph\":[{\"@type\":\"WebSite\",\"@id\":\"https:\/\/www.lechantdesdauphins.com\/accueil\/#website\",\"url\":\"https:\/\/www.lechantdesdauphins.com\/accueil\/\",\"name\":\"Le Chant des Dauphins\",\"description\":\"\",\"potentialAction\":[{\"@type\":\"SearchAction\",\"target\":\"https:\/\/www.lechantdesdauphins.com\/accueil\/?s={search_term_string}\",\"query-input\":\"required name=search_term_string\"}],\"inLanguage\":\"fr-FR\"},{\"@type\":\"WebPage\",\"@id\":\"https:\/\/www.lechantdesdauphins.com\/questions-reponses\/#webpage\",\"url\":\"https:\/\/www.lechantdesdauphins.com\/questions-reponses\/\",\"name\":\"Questions r\\u00e9ponses - Le Chant des Dauphins\",\"isPartOf\":{\"@id\":\"https:\/\/www.lechantdesdauphins.com\/accueil\/#website\"},\"datePublished\":\"2020-06-07T16:21:21+00:00\",\"dateModified\":\"2020-09-02T15:21:12+00:00\",\"inLanguage\":\"fr-FR\",\"potentialAction\":[{\"@type\":\"ReadAction\",\"target\":[\"https:\/\/www.lechantdesdauphins.com\/questions-reponses\/\"]}]}]}<\/script>\n<!-- \/ Yoast SEO plugin. -->","_links":{"self":[{"href":"https:\/\/www.lechantdesdauphins.com\/accueil\/wp-json\/wp\/v2\/pages\/261"}],"collection":[{"href":"https:\/\/www.lechantdesdauphins.com\/accueil\/wp-json\/wp\/v2\/pages"}],"about":[{"href":"https:\/\/www.lechantdesdauphins.com\/accueil\/wp-json\/wp\/v2\/types\/page"}],"author":[{"embeddable":true,"href":"https:\/\/www.lechantdesdauphins.com\/accueil\/wp-json\/wp\/v2\/users\/1"}],"replies":[{"embeddable":true,"href":"https:\/\/www.lechantdesdauphins.com\/accueil\/wp-json\/wp\/v2\/comments?post=261"}],"version-history":[{"count":5,"href":"https:\/\/www.lechantdesdauphins.com\/accueil\/wp-json\/wp\/v2\/pages\/261\/revisions"}],"predecessor-version":[{"id":494,"href":"https:\/\/www.lechantdesdauphins.com\/accueil\/wp-json\/wp\/v2\/pages\/261\/revisions\/494"}],"wp:attachment":[{"href":"https:\/\/www.lechantdesdauphins.com\/accueil\/wp-json\/wp\/v2\/media?parent=261"}],"curies":[{"name":"wp","href":"https:\/\/api.w.org\/{rel}","templated":true}]}}