{"id":257,"date":"2020-06-07T18:13:34","date_gmt":"2020-06-07T16:13:34","guid":{"rendered":"https:\/\/www.lechantdesdauphins.com\/?page_id=257"},"modified":"2020-06-07T18:13:34","modified_gmt":"2020-06-07T16:13:34","slug":"temoignages","status":"publish","type":"page","link":"https:\/\/www.lechantdesdauphins.com\/accueil\/temoignages\/","title":{"rendered":"T\u00e9moignages"},"content":{"rendered":"<p><div class=\"fusion-fullwidth fullwidth-box fusion-builder-row-1 nonhundred-percent-fullwidth non-hundred-percent-height-scrolling\" style=\"--awb-border-radius-top-left:0px;--awb-border-radius-top-right:0px;--awb-border-radius-bottom-right:0px;--awb-border-radius-bottom-left:0px;--awb-flex-wrap:wrap;\" ><div class=\"fusion-builder-row fusion-row\"><div class=\"fusion-layout-column fusion_builder_column fusion-builder-column-0 fusion_builder_column_1_1 1_1 fusion-one-full fusion-column-first fusion-column-last\" style=\"--awb-bg-size:cover;\"><div class=\"fusion-column-wrapper fusion-column-has-shadow fusion-flex-column-wrapper-legacy\"><div class=\"fusion-text fusion-text-1\"><h1 style=\"text-align: center;\"><span style=\"color: #0068b6;\">T\u00e9moignages<\/span><\/h1>\n<\/div><div class=\"fusion-text fusion-text-2\"><p style=\"text-align: center;\"><strong>Depuis sa cr\u00e9ation en 2001<\/strong>, le Chant des Dauphins a offert d\u2019intenses moments d&rsquo;\u00e9vasion \u00e0 de tr\u00e8s nombreuses personnes autistes, en situation de handicap ou souffrant de troubles mais<br \/>\n\u00e9galement \u00e0 leurs familles.<\/p>\n<p style=\"text-align: center;\"><strong>Nous souhaitons remercier les participants et leurs familles pour la confiance<\/strong>\u00a0qu\u2019ils nous t\u00e9moignent et leur fid\u00e9lit\u00e9 \u00e0 notre association en publiant ici leurs t\u00e9moignages.<\/p>\n<\/div><div class=\"fusion-clearfix\"><\/div><\/div><\/div><\/div><\/div><div class=\"fusion-fullwidth fullwidth-box fusion-builder-row-2 hundred-percent-fullwidth non-hundred-percent-height-scrolling fusion-equal-height-columns\" style=\"--awb-border-radius-top-left:0px;--awb-border-radius-top-right:0px;--awb-border-radius-bottom-right:0px;--awb-border-radius-bottom-left:0px;--awb-padding-top:0px;--awb-padding-right:0px;--awb-padding-bottom:0px;--awb-padding-left:0px;--awb-flex-wrap:wrap;\" ><div class=\"fusion-builder-row fusion-row\"><div class=\"fusion-layout-column fusion_builder_column fusion-builder-column-1 fusion_builder_column_1_2 1_2 fusion-one-half fusion-column-first\" style=\"--awb-padding-top:6%;--awb-padding-right:8%;--awb-padding-bottom:10%;--awb-padding-left:6%;--awb-bg-color:#3f93d2;--awb-bg-color-hover:#3f93d2;--awb-bg-size:cover;--awb-margin-bottom:0px;\"><div class=\"fusion-column-wrapper fusion-column-has-shadow fusion-flex-column-wrapper-legacy\"><div class=\"fusion-image-element fusion-image-align-center in-legacy-container\" style=\"text-align:center;--awb-caption-title-font-family:var(--h2_typography-font-family);--awb-caption-title-font-weight:var(--h2_typography-font-weight);--awb-caption-title-font-style:var(--h2_typography-font-style);--awb-caption-title-size:var(--h2_typography-font-size);--awb-caption-title-transform:var(--h2_typography-text-transform);--awb-caption-title-line-height:var(--h2_typography-line-height);--awb-caption-title-letter-spacing:var(--h2_typography-letter-spacing);\"><div class=\"imageframe-align-center\"><span class=\" fusion-imageframe imageframe-none imageframe-1 hover-type-none\"><img decoding=\"async\" width=\"150\" height=\"150\" title=\"nadine\" src=\"https:\/\/www.lechantdesdauphins.com\/wp-content\/uploads\/2020\/06\/nadine-150x150.png\" alt class=\"img-responsive wp-image-59\" srcset=\"https:\/\/www.lechantdesdauphins.com\/wp-content\/uploads\/2020\/06\/nadine-66x66.png 66w, https:\/\/www.lechantdesdauphins.com\/wp-content\/uploads\/2020\/06\/nadine-100x100.png 100w, https:\/\/www.lechantdesdauphins.com\/wp-content\/uploads\/2020\/06\/nadine-150x150.png 150w, https:\/\/www.lechantdesdauphins.com\/wp-content\/uploads\/2020\/06\/nadine.png 200w\" sizes=\"(max-width: 150px) 100vw, 150px\" \/><\/span><\/div><\/div><div class=\"fusion-text fusion-text-3\"><p><span style=\"color: #ffffff;\"><strong>Christine, maman de Philippe qui est atteint d\u2019un autisme atypique mutique<\/strong><\/span><br \/>\n<span style=\"color: #ffffff;\"><strong><em>(Var Matin &#8211; 9 septembre 2015)<\/em><\/strong><\/span><\/p>\n<p><span style=\"color: #ffffff;\">\u00ab\u00a0Je suis adh\u00e9rente depuis plus de dix ans. Cette association est formidable avec des gens d\u2019une immense gentillesse et leur projet en faveur des autistes est d\u2019une grande valeur\u00a0\u00bb.<\/span><\/p>\n<p><span style=\"color: #ffffff;\"><strong>A propos des sorties en mer auxquelles Philippe a particip\u00e9, elle d\u00e9clare :<\/strong><\/span><br \/>\n<span style=\"color: #ffffff;\">\u00ab\u00a0Il est tr\u00e8s heureux \u00e0 chaque fois. Il n\u2019y a qu\u2019\u00e0 le voir, son sourire rayonnant, on voit que \u00e7a le rend heureux. Ces journ\u00e9es sont vraiment extraordinaires\u00a0\u00bb.<\/span><\/p>\n<\/div><div class=\"fusion-clearfix\"><\/div><\/div><\/div><div class=\"fusion-layout-column fusion_builder_column fusion-builder-column-2 fusion_builder_column_1_2 1_2 fusion-one-half fusion-column-last\" style=\"--awb-padding-top:6%;--awb-padding-right:8%;--awb-padding-bottom:10%;--awb-padding-left:6%;--awb-bg-color:#0068b6;--awb-bg-color-hover:#0068b6;--awb-bg-size:cover;--awb-margin-bottom:0px;\"><div class=\"fusion-column-wrapper fusion-column-has-shadow fusion-flex-column-wrapper-legacy\"><div class=\"fusion-image-element fusion-image-align-center in-legacy-container\" style=\"text-align:center;--awb-caption-title-font-family:var(--h2_typography-font-family);--awb-caption-title-font-weight:var(--h2_typography-font-weight);--awb-caption-title-font-style:var(--h2_typography-font-style);--awb-caption-title-size:var(--h2_typography-font-size);--awb-caption-title-transform:var(--h2_typography-text-transform);--awb-caption-title-line-height:var(--h2_typography-line-height);--awb-caption-title-letter-spacing:var(--h2_typography-letter-spacing);\"><div class=\"imageframe-align-center\"><span class=\" fusion-imageframe imageframe-none imageframe-2 hover-type-none\"><img decoding=\"async\" width=\"150\" height=\"150\" title=\"nadine\" src=\"https:\/\/www.lechantdesdauphins.com\/wp-content\/uploads\/2020\/06\/nadine-150x150.png\" alt class=\"img-responsive wp-image-59\" srcset=\"https:\/\/www.lechantdesdauphins.com\/wp-content\/uploads\/2020\/06\/nadine-66x66.png 66w, https:\/\/www.lechantdesdauphins.com\/wp-content\/uploads\/2020\/06\/nadine-100x100.png 100w, https:\/\/www.lechantdesdauphins.com\/wp-content\/uploads\/2020\/06\/nadine-150x150.png 150w, https:\/\/www.lechantdesdauphins.com\/wp-content\/uploads\/2020\/06\/nadine.png 200w\" sizes=\"(max-width: 150px) 100vw, 150px\" \/><\/span><\/div><\/div><div class=\"fusion-text fusion-text-4\"><p><span style=\"color: #ffffff;\"><strong>Val\u00e9rie, Mehdi, Muriel, Raphael, Nathalie, Marc-Antoine et Jeremy, externes du foyer de vie Ma Sousto de Puget-sur-Argens<\/strong><\/span><br \/>\n<span style=\"color: #ffffff;\"><strong><em>(Journal des \u00e9tablissements de l\u2019Adapei du Var &#8211; 12 juin 2014)<\/em><\/strong><\/span><\/p>\n<p><span style=\"color: #ffffff;\">\u00ab\u00a0Nous sommes all\u00e9s \u00e0 la rencontre des dauphins de M\u00e9diterran\u00e9e. On avait rendez-vous vers 9 heures au Port-Fr\u00e9jus o\u00f9 nous attendaient Eric et Patrice de l\u2019association Le Chant des dauphins.<\/span><br \/>\n<span style=\"color: #ffffff;\">On a tous embarqu\u00e9s dans le voilier \u00ab\u00a0La Crevette des Flots\u00a0\u00bb avec Aline BUET et B\u00e9atrice BERNARD et on a navigu\u00e9 vers le large. Chacun son tour, on a tenu le gouvernail et on entendait la radio de sauvetage en mer qui parlait dans toutes les langues&#8230;<\/span><\/p>\n<p><span style=\"color: #ffffff;\"><strong>Puis enfin on a aper\u00e7u les dauphins !<\/strong><\/span><br \/>\n<span style=\"color: #ffffff;\">On s\u2019est approch\u00e9 et on les a admir\u00e9s, qui nageaient autour du voilier comme pour le guider. Ils \u00e9taient beaux et brillaient au soleil. Ils s\u2019amusaient \u00e0 passer sous le voilier et ils ont m\u00eame fait des sauts hors de l\u2019eau. On a fait plein de photos. C\u2019\u00e9tait g\u00e9nial ! et en plus, on y retourne le 4 septembre prochain.\u00a0\u00bb<\/span><\/p>\n<\/div><div class=\"fusion-clearfix\"><\/div><\/div><\/div><\/div><\/div><\/p>\n","protected":false},"excerpt":{"rendered":"","protected":false},"author":1,"featured_media":0,"parent":0,"menu_order":0,"comment_status":"closed","ping_status":"closed","template":"100-width.php","meta":{"footnotes":""},"yoast_head":"<!-- This site is optimized with the Yoast SEO plugin v14.2 - https:\/\/yoast.com\/wordpress\/plugins\/seo\/ -->\n<title>T\u00e9moignages - Le Chant des Dauphins<\/title>\n<meta name=\"robots\" content=\"index, follow\" \/>\n<meta name=\"googlebot\" content=\"index, follow, max-snippet:-1, max-image-preview:large, max-video-preview:-1\" \/>\n<meta name=\"bingbot\" content=\"index, follow, max-snippet:-1, max-image-preview:large, max-video-preview:-1\" \/>\n<link rel=\"canonical\" href=\"https:\/\/www.lechantdesdauphins.com\/temoignages\/\" \/>\n<meta property=\"og:locale\" content=\"fr_FR\" \/>\n<meta property=\"og:type\" content=\"article\" \/>\n<meta property=\"og:title\" content=\"T\u00e9moignages - Le Chant des Dauphins\" \/>\n<meta property=\"og:url\" content=\"https:\/\/www.lechantdesdauphins.com\/temoignages\/\" \/>\n<meta property=\"og:site_name\" content=\"Le Chant des Dauphins\" \/>\n<meta name=\"twitter:card\" content=\"summary_large_image\" \/>\n<script type=\"application\/ld+json\" class=\"yoast-schema-graph\">{\"@context\":\"https:\/\/schema.org\",\"@graph\":[{\"@type\":\"WebSite\",\"@id\":\"https:\/\/www.lechantdesdauphins.com\/accueil\/#website\",\"url\":\"https:\/\/www.lechantdesdauphins.com\/accueil\/\",\"name\":\"Le Chant des Dauphins\",\"description\":\"\",\"potentialAction\":[{\"@type\":\"SearchAction\",\"target\":\"https:\/\/www.lechantdesdauphins.com\/accueil\/?s={search_term_string}\",\"query-input\":\"required name=search_term_string\"}],\"inLanguage\":\"fr-FR\"},{\"@type\":\"WebPage\",\"@id\":\"https:\/\/www.lechantdesdauphins.com\/temoignages\/#webpage\",\"url\":\"https:\/\/www.lechantdesdauphins.com\/temoignages\/\",\"name\":\"T\\u00e9moignages - Le Chant des Dauphins\",\"isPartOf\":{\"@id\":\"https:\/\/www.lechantdesdauphins.com\/accueil\/#website\"},\"datePublished\":\"2020-06-07T16:13:34+00:00\",\"dateModified\":\"2020-06-07T16:13:34+00:00\",\"inLanguage\":\"fr-FR\",\"potentialAction\":[{\"@type\":\"ReadAction\",\"target\":[\"https:\/\/www.lechantdesdauphins.com\/temoignages\/\"]}]}]}<\/script>\n<!-- \/ Yoast SEO plugin. -->","_links":{"self":[{"href":"https:\/\/www.lechantdesdauphins.com\/accueil\/wp-json\/wp\/v2\/pages\/257"}],"collection":[{"href":"https:\/\/www.lechantdesdauphins.com\/accueil\/wp-json\/wp\/v2\/pages"}],"about":[{"href":"https:\/\/www.lechantdesdauphins.com\/accueil\/wp-json\/wp\/v2\/types\/page"}],"author":[{"embeddable":true,"href":"https:\/\/www.lechantdesdauphins.com\/accueil\/wp-json\/wp\/v2\/users\/1"}],"replies":[{"embeddable":true,"href":"https:\/\/www.lechantdesdauphins.com\/accueil\/wp-json\/wp\/v2\/comments?post=257"}],"version-history":[{"count":2,"href":"https:\/\/www.lechantdesdauphins.com\/accueil\/wp-json\/wp\/v2\/pages\/257\/revisions"}],"predecessor-version":[{"id":259,"href":"https:\/\/www.lechantdesdauphins.com\/accueil\/wp-json\/wp\/v2\/pages\/257\/revisions\/259"}],"wp:attachment":[{"href":"https:\/\/www.lechantdesdauphins.com\/accueil\/wp-json\/wp\/v2\/media?parent=257"}],"curies":[{"name":"wp","href":"https:\/\/api.w.org\/{rel}","templated":true}]}}

Témoignages

<p><div class="fusion-fullwidth fullwidth-box fusion-builder-row-1 nonhundred-percent-fullwidth non-hundred-percent-height-scrolling" style="--awb-border-radius-top-left:0px;--awb-border-radius-top-right:0px;--awb-border-radius-bottom-right:0px;--awb-border-radius-bottom-left:0px;--awb-flex-wrap:wrap;" ><div class="fusion-builder-row fusion-row"><div class="fusion-layout-column fusion_builder_column fusion-builder-column-0 fusion_builder_column_1_1 1_1 fusion-one-full fusion-column-first fusion-column-last" style="--awb-bg-size:cover;"><div class="fusion-column-wrapper fusion-column-has-shadow fusion-flex-column-wrapper-legacy"><div class="fusion-text fusion-text-1"><h1 style="text-align: center;"><span style="color: #0068b6;">Témoignages</span></h1>
</div><div class="fusion-text fusion-text-2"><p style="text-align: center;"><strong>Depuis sa création en 2001</strong>, le Chant des Dauphins a offert d’intenses moments d&rsquo;évasion à de très nombreuses personnes autistes, en situation de handicap ou souffrant de troubles mais<br />
également à leurs familles.</p>
<p style="text-align: center;"><strong>Nous souhaitons remercier les participants et leurs familles pour la confiance</strong> qu’ils nous témoignent et leur fidélité à notre association en publiant ici leurs témoignages.</p>
</div><div class="fusion-clearfix"></div></div></div></div></div><div class="fusion-fullwidth fullwidth-box fusion-builder-row-2 hundred-percent-fullwidth non-hundred-percent-height-scrolling fusion-equal-height-columns" style="--awb-border-radius-top-left:0px;--awb-border-radius-top-right:0px;--awb-border-radius-bottom-right:0px;--awb-border-radius-bottom-left:0px;--awb-padding-top:0px;--awb-padding-right:0px;--awb-padding-bottom:0px;--awb-padding-left:0px;--awb-flex-wrap:wrap;" ><div class="fusion-builder-row fusion-row"><div class="fusion-layout-column fusion_builder_column fusion-builder-column-1 fusion_builder_column_1_2 1_2 fusion-one-half fusion-column-first" style="--awb-padding-top:6%;--awb-padding-right:8%;--awb-padding-bottom:10%;--awb-padding-left:6%;--awb-bg-color:#3f93d2;--awb-bg-color-hover:#3f93d2;--awb-bg-size:cover;--awb-margin-bottom:0px;"><div class="fusion-column-wrapper fusion-column-has-shadow fusion-flex-column-wrapper-legacy"><div class="fusion-image-element fusion-image-align-center in-legacy-container" style="text-align:center;--awb-caption-title-font-family:var(--h2_typography-font-family);--awb-caption-title-font-weight:var(--h2_typography-font-weight);--awb-caption-title-font-style:var(--h2_typography-font-style);--awb-caption-title-size:var(--h2_typography-font-size);--awb-caption-title-transform:var(--h2_typography-text-transform);--awb-caption-title-line-height:var(--h2_typography-line-height);--awb-caption-title-letter-spacing:var(--h2_typography-letter-spacing);"><div class="imageframe-align-center"><span class=" fusion-imageframe imageframe-none imageframe-1 hover-type-none"><img decoding="async" width="150" height="150" title="nadine" src="https://www.lechantdesdauphins.com/wp-content/uploads/2020/06/nadine-150x150.png" alt class="img-responsive wp-image-59" srcset="https://www.lechantdesdauphins.com/wp-content/uploads/2020/06/nadine-66x66.png 66w, https://www.lechantdesdauphins.com/wp-content/uploads/2020/06/nadine-100x100.png 100w, https://www.lechantdesdauphins.com/wp-content/uploads/2020/06/nadine-150x150.png 150w, https://www.lechantdesdauphins.com/wp-content/uploads/2020/06/nadine.png 200w" sizes="(max-width: 150px) 100vw, 150px" /></span></div></div><div class="fusion-text fusion-text-3"><p><span style="color: #ffffff;"><strong>Christine, maman de Philippe qui est atteint d’un autisme atypique mutique</strong></span><br />
<span style="color: #ffffff;"><strong><em>(Var Matin &#8211; 9 septembre 2015)</em></strong></span></p>
<p><span style="color: #ffffff;">« Je suis adhérente depuis plus de dix ans. Cette association est formidable avec des gens d’une immense gentillesse et leur projet en faveur des autistes est d’une grande valeur ».</span></p>
<p><span style="color: #ffffff;"><strong>A propos des sorties en mer auxquelles Philippe a participé, elle déclare :</strong></span><br />
<span style="color: #ffffff;">« Il est très heureux à chaque fois. Il n’y a qu’à le voir, son sourire rayonnant, on voit que ça le rend heureux. Ces journées sont vraiment extraordinaires ».</span></p>
</div><div class="fusion-clearfix"></div></div></div><div class="fusion-layout-column fusion_builder_column fusion-builder-column-2 fusion_builder_column_1_2 1_2 fusion-one-half fusion-column-last" style="--awb-padding-top:6%;--awb-padding-right:8%;--awb-padding-bottom:10%;--awb-padding-left:6%;--awb-bg-color:#0068b6;--awb-bg-color-hover:#0068b6;--awb-bg-size:cover;--awb-margin-bottom:0px;"><div class="fusion-column-wrapper fusion-column-has-shadow fusion-flex-column-wrapper-legacy"><div class="fusion-image-element fusion-image-align-center in-legacy-container" style="text-align:center;--awb-caption-title-font-family:var(--h2_typography-font-family);--awb-caption-title-font-weight:var(--h2_typography-font-weight);--awb-caption-title-font-style:var(--h2_typography-font-style);--awb-caption-title-size:var(--h2_typography-font-size);--awb-caption-title-transform:var(--h2_typography-text-transform);--awb-caption-title-line-height:var(--h2_typography-line-height);--awb-caption-title-letter-spacing:var(--h2_typography-letter-spacing);"><div class="imageframe-align-center"><span class=" fusion-imageframe imageframe-none imageframe-2 hover-type-none"><img decoding="async" width="150" height="150" title="nadine" src="https://www.lechantdesdauphins.com/wp-content/uploads/2020/06/nadine-150x150.png" alt class="img-responsive wp-image-59" srcset="https://www.lechantdesdauphins.com/wp-content/uploads/2020/06/nadine-66x66.png 66w, https://www.lechantdesdauphins.com/wp-content/uploads/2020/06/nadine-100x100.png 100w, https://www.lechantdesdauphins.com/wp-content/uploads/2020/06/nadine-150x150.png 150w, https://www.lechantdesdauphins.com/wp-content/uploads/2020/06/nadine.png 200w" sizes="(max-width: 150px) 100vw, 150px" /></span></div></div><div class="fusion-text fusion-text-4"><p><span style="color: #ffffff;"><strong>Valérie, Mehdi, Muriel, Raphael, Nathalie, Marc-Antoine et Jeremy, externes du foyer de vie Ma Sousto de Puget-sur-Argens</strong></span><br />
<span style="color: #ffffff;"><strong><em>(Journal des établissements de l’Adapei du Var &#8211; 12 juin 2014)</em></strong></span></p>
<p><span style="color: #ffffff;">« Nous sommes allés à la rencontre des dauphins de Méditerranée. On avait rendez-vous vers 9 heures au Port-Fréjus où nous attendaient Eric et Patrice de l’association Le Chant des dauphins.</span><br />
<span style="color: #ffffff;">On a tous embarqués dans le voilier « La Crevette des Flots » avec Aline BUET et Béatrice BERNARD et on a navigué vers le large. Chacun son tour, on a tenu le gouvernail et on entendait la radio de sauvetage en mer qui parlait dans toutes les langues&#8230;</span></p>
<p><span style="color: #ffffff;"><strong>Puis enfin on a aperçu les dauphins !</strong></span><br />
<span style="color: #ffffff;">On s’est approché et on les a admirés, qui nageaient autour du voilier comme pour le guider. Ils étaient beaux et brillaient au soleil. Ils s’amusaient à passer sous le voilier et ils ont même fait des sauts hors de l’eau. On a fait plein de photos. C’était génial ! et en plus, on y retourne le 4 septembre prochain. »</span></p>
</div><div class="fusion-clearfix"></div></div></div></div></div></p>

<!-- This site is optimized with the Yoast SEO plugin v14.2 - https://yoast.com/wordpress/plugins/seo/ -->
<title>Témoignages - Le Chant des Dauphins</title>
<meta name="robots" content="index, follow" />
<meta name="googlebot" content="index, follow, max-snippet:-1, max-image-preview:large, max-video-preview:-1" />
<meta name="bingbot" content="index, follow, max-snippet:-1, max-image-preview:large, max-video-preview:-1" />
<link rel="canonical" href="https://www.lechantdesdauphins.com/temoignages/" />
<meta property="og:locale" content="fr_FR" />
<meta property="og:type" content="article" />
<meta property="og:title" content="Témoignages - Le Chant des Dauphins" />
<meta property="og:url" content="https://www.lechantdesdauphins.com/temoignages/" />
<meta property="og:site_name" content="Le Chant des Dauphins" />
<meta name="twitter:card" content="summary_large_image" />
<script type="application/ld+json" class="yoast-schema-graph">{"@context":"https://schema.org","@graph":[{"@type":"WebSite","@id":"https://www.lechantdesdauphins.com/accueil/#website","url":"https://www.lechantdesdauphins.com/accueil/","name":"Le Chant des Dauphins","description":"","potentialAction":[{"@type":"SearchAction","target":"https://www.lechantdesdauphins.com/accueil/?s={search_term_string}","query-input":"required name=search_term_string"}],"inLanguage":"fr-FR"},{"@type":"WebPage","@id":"https://www.lechantdesdauphins.com/temoignages/#webpage","url":"https://www.lechantdesdauphins.com/temoignages/","name":"T\u00e9moignages - Le Chant des Dauphins","isPartOf":{"@id":"https://www.lechantdesdauphins.com/accueil/#website"},"datePublished":"2020-06-07T16:13:34+00:00","dateModified":"2020-06-07T16:13:34+00:00","inLanguage":"fr-FR","potentialAction":[{"@type":"ReadAction","target":["https://www.lechantdesdauphins.com/temoignages/"]}]}]}</script>
<!-- / Yoast SEO plugin. -->
